 What is the remainder when 57 is divided by c?
15
Suppose -2 = -4*h - 6, 5*x - 396 = -4*h. Let t be x/(-64)*-1*4. Suppose t*i = 8*i - 96. What is the remainder when i is divided by 18?
14
Let o(w) be the third derivative of 5*w**4/24 + 7*w**3/6 - 8*w**2. Calculate the remainder when 53 is divided by o(4).
26
Suppose -9*f - 780 = -69. Let b = 91 + f. What is the remainder when 14 is divided by b?
2
Let f(g) be the second derivative of -g**3/2 + 4*g**2 - 2*g + 7. What is the remainder when 68 is divided by f(-2)?
12
Let l(j) = 2*j**2 + 2*j - 17. What is the remainder when 12 is divided by l(-4)?
5
Let r(t) = 2*t**2 - 2*t + 2. Let c be r(2). Suppose -74 - 34 = -c*h. Calculate the remainder when 28 is divided by h.
10
Let q(a) = 9*a**2 - 2*a + 1. Let l be ((-280)/6)/(-1)*216/180. Let d = 71 - l. Calculate the remainder when d is divided by q(1).
7
Suppose 3*u - 5*u + 40 = 2*j, 4*u - 4*j - 120 = 0. Let b be 4/(-2 + (-5)/(-2)). Suppose -w + 6 = -b. Calculate the remainder when u is divided by w.
11
Suppose 0 = -107*u + 103*u - 120. What is the remainder when 47 + 0/(2/2) is divided by ((-128)/(-20))/((-12)/u)?
15
Let x = 2282 - 2225. What is the remainder when 190 is divided by x?
19
Let n(t) = -6*t + 449. What is the remainder when 91 is divided by n(71)?
22
Suppose -z + 23 = -200. Let q = -74 + z. Suppose 5*h + 3*x - q = 0, 2*h + 3*x = x + 58. Calculate the remainder when h is divided by 16.
15
Let b be ((-70)/(-8))/(1/4). Let o = 55 - b. Calculate the remainder when 99 is divided by o.
19
Suppose x - 4 = -4*y, 40*y - 35*y - 5 = 3*x. Let p = 5 + -2. Suppose x = z - 4*q + 4 - p, -q + 3 = 0. Calculate the remainder when 40 is divided by z.
7
Suppose 9*l = 4*l + 65. Let u = 1 + l. What is the remainder when 67 is divided by u?
11
Let y be 24/(3/51*2). Suppose 5*k - y = -79. Calculate the remainder when 98 is divided by k.
23
Let f(q) = -8*q**2 + 11*q + 2. Let o(z) = -z**2 + z + 1. Let r(x) = -f(x) + 6*o(x). What is the remainder when 274/10 - (-2)/(-5) is divided by r(3)?
6
Suppose -23 - 61 = 6*b. Let u(t) = -5*t + 6. What is the remainder when u(b) is divided by 22?
10
Let r = 25 + -16. Suppose -3*g - r = s - 0*g, 0 = -s - 5*g - 17. Suppose 0 = s*h + 3, -4*t - h = 2*h - 25. Calculate the remainder when 10 is divided by t.
3
Suppose -3*f + 486 = -0*f. Let v be f/12*(-40)/(-6). Suppose -v = -3*h - 2*d + d, -4*h + 121 = d. What is the remainder when h is divided by 17?
14
Let a = -1 + 7. Suppose -r - 8 = -c, a*r = -3*c + 5*r + 20. Calculate the remainder when (-87)/(-7) - (-48)/84 is divided by c.
6
Let n = -9 + 14. Suppose -2*x = n*k - 37, 5*x + 4*k + 0*k = 50. Calculate the remainder when 15 - (1 - 0)/(11 + -12) is divided by x.
4
Let r(k) = 6*k + 12 - 4*k - 2*k - k. What is the remainder when r(-9) is divided by 5?
1
Let q(l) = -l**3 - 5*l**2 + 13*l - 3. Let p be q(-7). Suppose 2*d = -p*t + 48, 48 = 4*t - d - 2*d. What is the remainder when 57 is divided by t?
9
Let v = 53 - 38. Let f(g) be the second derivative of g**3/6 + 3*g. What is the remainder when v is divided by f(6)?
3
Suppose 32*m - 1121 = 1375. What is the remainder when m is divided by 7?
1
Let w = 1624 - 1622. What is the remainder when 486 is divided by w?
0
Let i(k) = -23*k + 17. What is the remainder when 203 is divided by i(0)?
16
Let l = -318 - -374. Suppose 4*s - 2*s = 38. Calculate the remainder when l is divided by s.
18
Let s(k) = -18*k**3 - 30 - 20*k + 33 - 10*k**2 + 16*k**3. What is the remainder when 98 is divided by s(-4)?
47
Let b be (28*1)/(18/(-27)). Let i = b - -59. Suppose 13 = 2*v - i. What is the remainder when v is divided by 9?
6
Suppose g + 1652 = 29*g. What is the remainder when 351 is divided by g?
56
Suppose 2*n = 4*t + 88, 2*n - t = 13 + 75. Let x = n + -32. Calculate the remainder when 93 is divided by x.
9
What is the remainder when (126/(-70))/((-2)/190 + 0) is divided by 2?
1
Let i = 616 + -609. Calculate the remainder when 0 + 39 + 0/(-2) is divided by i.
4
Suppose 0 = 3*b + 5*j - 78 + 40, 4*j = 16. Calculate the remainder when 191 is divided by b.
5
Let d(v) = v**2 - 8*v - 38. Calculate the remainder when d(-7) is divided by 9.
4
Let a be 12*(20/8 + 4). Suppose x + 2*t = 4*x - 229, -x = t - a. Let g = -4 + x. What is the remainder when g is divided by 25?
23
Let l(y) = -y**3 - 8*y**2 - 7*y + 2. Let u be l(-7). What is the remainder when ((-4)/1)/(u - (-46)/(-22)) is divided by 25?
19
Let f = 37 + -15. Suppose -5*h - 30 = -5*y + 5, 2*y + 2*h - 34 = 0. What is the remainder when f is divided by y?
10
Let w(g) be the first derivative of -2*g**3/3 + 15*g**2/2 + 2*g - 6. What is the remainder when 14 is divided by w(7)?
5
Let g = 2018 - 1836. Calculate the remainder when g is divided by 34.
12
Let g = -4 - 4. Let t = 11 + g. Calculate the remainder when t is divided by 4/(-18) + 87/27.
0
Let c = -35 - -25. Let t = c - -21. What is the remainder when 41 is divided by t?
8
Let t = 251 + -243. Calculate the remainder when 182 is divided by t.
6
Suppose -3*x = 2*x - 155. What is the remainder when x is divided by 116/12 + 4/3?
9
Suppose 5*d + 2*y = 51, 5*y - 23 = 18*d - 21*d. Calculate the remainder when 439 is divided by d.
10
Suppose q - 6*q - 50 = 0. Let a = -7 - 41. Let v = q - a. What is the remainder when v is divided by 10?
8
Let f = -13 + 110. Suppose -5*c - b + 21 + 72 = 0, -b - f = -5*c. Calculate the remainder when 47 is divided by c.
9
Let h = 270 - 236. What is the remainder when 103 is divided by h?
1
Suppose 0 = 25*z - 303 - 147. Suppose -3*k - 141 = 2*i - 4*i, 0 = 4*i + 2*k - 274. Calculate the remainder when i is divided by z.
15
Let n(s) = 4*s - 2. Calculate the remainder when 227 is divided by n(3).
7
Let y(r) = 177*r**2 + 4*r - 3. Let j(g) = -118*g**2 - 3*g + 2. Let h(c) = 7*j(c) + 5*y(c). What is the remainder when h(-1) is divided by 21?
17
Suppose -3*z = 3*y + 135, 4*y + 230 = 5*z + 5. Let o = y - 6. Let k = 98 + o. Calculate the remainder when k is divided by 15.
12
Suppose -5*n + 1010 = -2*t, 3*t = n - 211 - 4. Suppose 3*z = 11*z - n. Calculate the remainder when 47 is divided by z.
22
Suppose -3*i - 332 = -7*i. Let n be 1 - -3 - -1 - 57. What is the remainder when i is divided by (-39)/n*(28 + 2 - 2)?
20
Suppose 0 = 2*d - 5 + 9, 4*r = -4*d + 840. Suppose -2*o + 7*o - r = -4*p, -p + 62 = -o. Calculate the remainder when p is divided by 12.
10
Let w(b) = -2*b**2 + 136. Calculate the remainder when w(8) is divided by 8/(-20) + (-24)/(-10).
0
Suppose 4*a + 5*c - 709 = 0, 177 = -0*a + a + c. Suppose -a = -12*p + 376. What is the remainder when p is divided by 12?
10
Suppose 5*l - 5*w - 1705 = 0, 7*l = 12*l + 3*w - 1689. What is the remainder when l is divided by 112?
3
Suppose 164*p - 135*p = 841. What is the remainder when 107 is divided by p?
20
Let s(u) = -u**3 - 4*u**2 + 5*u + 7. Suppose -3*n = -8*n + 40. What is the remainder when n is divided by s(-5)?
1
Let u(x) = -x**3 - 5*x**2 - 5*x - 10. What is the remainder when u(-9) is divided by 9?
8
Calculate the remainder when 125 is divided by (-2)/(-2) + 60 + 4.
60
Suppose -20*j = -15*j - 30. Suppose -110 = j*o - 11*o. What is the remainder when o is divided by 12?
10
Let x(t) = -t**3 - 8*t**2 + 9*t + 6. Let c be x(-7). Let h = -47 - c. Let i = -27 + 42. What is the remainder when h is divided by i?
14
Let y = -43 - -45. Suppose y*h - 16 = h. What is the remainder when 23 is divided by h?
7
Suppose -56*b + 58*b = 558. What is the remainder when b is divided by 40?
39
Suppose 4*h = h + 9. Suppose -8 = -h*b + 13. Let l = -6 + b. What is the remainder when 1 is divided by l?
0
Suppose 0 = 4*f - 4*l + 44, 5*f = -0*l - 3*l - 31. Let s = 42 + f. What is the remainder when s is divided by ((-81)/6)/((-3)/4)?
16
Suppose 3*n - 8 - 1 = h, -1 = -4*n + 5*h. Suppose -2*t = n*j - 164, t - 196 + 28 = -4*j. What is the remainder when j is divided by 17?
9
Calculate the remainder when 303 is divided by 2022/84 - 1/14.
15
Calculate the remainder when 25 is divided by 124/9 + 20/90.
11
Let h be (1/2)/(1/(-292)). Let q = -31 - h. Let w = q + -65. What is the remainder when w is divided by 18?
14
Let w(l) = 5*l**2. Suppose -13*d + 50 = -15*d. Let u = d + 36. What is the remainder when w(-2) is divided by u?
9
Suppose -3867 = -59*y - 1094. What is the remainder when 374 is divided by y?
45
Suppose -8*l = 